= d - p. What is the units digit of k?
9
Let n = 64990 - 37245. What is the units digit of n?
5
Let a(f) = f**2 + 32*f - 5. What is the hundreds digit of a(39)?
7
Suppose 23*h = -5*j + 20*h + 304838, 5*h = j - 60962. What is the units digit of j?
7
Let i(s) = 3*s**2 + 16*s - 4. Let y(w) = w**3 - 2*w**2 - 17*w + 13. Let b be y(-4). What is the tens digit of i(b)?
3
Suppose 13*n = 11*n + 4, 0 = d - 4*n + 13. What is the units digit of 507*(4/(-6))/(2/d)?
5
Let m(q) = q**2 - 22*q + 14. Let a be m(21). Let j(d) = 11*d**2 + 19*d + 107. What is the hundreds digit of j(a)?
5
Suppose -40*p + 41*p + n = 10, 0 = -2*n + 10. What is the tens digit of 2/(-6) - (-4465)/15*p?
8
Suppose -4*g = -l - 115632, g + 3*l = 8*l + 28870. What is the units digit of g?
0
Let r = -27508 + 98949. What is the thousands digit of r?
1
Suppose -3*t - 7 = 4*y, -7*t + 5*y - 43 = -5*t. Let a(l) = 7*l**2 + 22*l - 22. What is the hundreds digit of a(t)?
3
Suppose 10 = -5*g - 5*h, 5*g - 2*h = h - 34. Let i(k) = -68*k - 49. What is the hundreds digit of i(g)?
2
Let j(b) = b**3 - 5*b**2 - 8*b + 3. Let s(i) = 5*i**2 + 2*i + 3. Let f be s(-1). Let h be j(f). Let l = 55 - h. What is the units digit of l?
4
Let d(b) = b**3 + 4*b**2 - 8*b + 16. Let q be d(-6). Let g(y) = y**2 + 5*y - 14. What is the units digit of g(q)?
0
Let f(t) = -t**3 + 14*t**2 + 26*t + 12. Let w = 431 - 421. What is the units digit of f(w)?
2
Suppose -733*d = -723*d - 49270. What is the units digit of d?
7
Let f(z) = z**2 - 7*z - 1. Let l be f(-3). Let i = l + -39. Let x = i + 41. What is the tens digit of x?
3
Suppose 79*u + 258854 = 1220995. What is the ten thousands digit of u?
1
Let f = -2 - -14. Suppose t - q = -4*q + f, 0 = -3*t - 4*q + 26. Suppose -t*n + 371 = -169. What is the tens digit of n?
9
Let l = 111 + -147. What is the hundreds digit of (-1 - -130)/((l/(-21))/4)?
3
Let b = -46 - -48. Suppose 6*m - 5*m - 25 = -2*k, -b*m = -5*k + 67. Suppose k + 481 = 2*q. What is the tens digit of q?
4
Let l be (-33)/11 - 12253*(-2)/2. Let q be (9/3)/(15/l). Suppose 19*j = 5*j + q. What is the hundreds digit of j?
1
Let g(i) = -2097*i + 3194. What is the units digit of g(-5)?
9
Let j = 10729 - 6488. What is the thousands digit of j?
4
Let o = 2907 - 2355. What is the tens digit of o?
5
Let o(a) = -a**3 + 6*a**2 - 13*a + 6. Let h be o(5). Let l(d) = d**2 + 34*d + 37. What is the units digit of l(h)?
7
Let c be (-1)/((-10)/20)*(-4)/(-2). What is the hundreds digit of ((-2298)/(4 + -1))/((-8)/c)?
3
Let x be 2/12 + (-116)/(-24). Suppose -4*u = -2*d + 28, -4*u - 5 = d + x. Suppose d*r - 169 = 317. What is the tens digit of r?
8
Let v(z) = 2*z**2 + z. Let y be v(1). Let k(n) = 33*n - 30*n + 7*n**2 + 7 + n**2 - n**y. What is the tens digit of k(5)?
9
Suppose -38*q - 2*y = -33*q - 50155, 5*q = 4*y + 50155. What is the ten thousands digit of q?
1
What is the thousands digit of 84/140 + (-148804)/(-10)*1?
4
Let u be ((-194)/(-8))/((-1)/(-16)). Suppose -390*m + 200 = -u*m. What is the tens digit of m?
0
Suppose -12 = u - 3*s, -u = 4*s - 5 - 18. Let p be (-2)/u - 297/(-81). Suppose 2*d - 80 = 2*f, p*d = -d - 3*f + 146. What is the units digit of d?
8
Let o(r) = -52*r + 8. Let j(i) = -i. Let u(h) = 10*j(h) - o(h). Suppose 12*s - 60 = -0. What is the tens digit of u(s)?
0
Suppose 29 - 6153 = -3*k + z, 3*z + 6132 = 3*k. What is the tens digit of k?
4
Let k(m) = -m**3 + 9*m**2 - 7*m - 2. Let f = -41 + 43. Suppose 2*v + 40 = 5*g, -37 = -2*g + 3*v + f*v. What is the units digit of k(g)?
4
Suppose 2*o - 14 = -0*o. Suppose -y - 156 = -o*y. Suppose 2*w = 4 + y. What is the units digit of w?
5
Let k(g) = 147*g**2 + 42*g - 406. What is the ten thousands digit of k(9)?
1
Let p(g) = -3*g**3 - g**2 - g + 1. Let q be p(-1). Suppose -q*o + 5*m - 97 = -523, 0 = o + 4*m - 117. Suppose o = -5*w + 1264. What is the tens digit of w?
3
Let n(r) = 0*r + 7*r - 11*r + 40. Let t be n(12). Let l = 83 + t. What is the units digit of l?
5
Let i be ((-2)/(-12)*4)/(3/(-90)). Let r be i/50 + 66/(-10). Let h = 9 - r. What is the tens digit of h?
1
Suppose -1782 = -5*i - 11*p + 7*p, -4*i + 1442 = -5*p. What is the tens digit of i?
5
Suppose 8*w + 2079 = -3*w. Let b = 250 + w. What is the units digit of b?
1
Let a(y) = y**3 - 33*y**2 - 27*y - 871. What is the ten thousands digit of a(47)?
2
Suppose 5*o = -5*x - 710, -o + 62 + 86 = -x. Let c = x - -856. What is the hundreds digit of c?
7
Let t be 2/8 - (-143)/4. Let b = -6227 - -6310. Let m = b + t. What is the hundreds digit of m?
1
Suppose 0 = f - 3*x + 999, 3*x - 2*x = 4*f + 4029. Let p = -158 - f. What is the tens digit of p?
5
Let f(u) be the second derivative of 5*u**3/3 - 8*u**2 - 3*u. Let b be f(-4). Let x = 108 + b. What is the tens digit of x?
5
Let t(v) = 103*v**2 + 4*v + 50. What is the hundreds digit of t(6)?
7
Suppose -2*m - 32395 = -21*m. Let r = m + -1016. What is the units digit of r?
9
Let h(o) = 1623*o**2 + 3*o + 13. What is the thousands digit of h(-2)?
6
Suppose 217*h + 29772 = 223*h. What is the hundreds digit of h?
9
Suppose 3*z = -u - 19 - 328, -2*u + 5*z = 650. Let l = u + 112. Let n = 355 + l. What is the units digit of n?
2
What is the thousands digit of 3388/3 - (-16)/192*48/6?
1
Let d = 133 - 136. What is the thousands digit of ((-3)/9*-3)/(d/(-3471))?
1
Let d(m) = -2*m + 20. Suppose -18 = 3*r - 5*r. Let x be d(r). Suppose -166 = -x*g + 3*i, 2*g = -3*g - 5*i + 465. What is the tens digit of g?
8
What is the tens digit of (-13 - -20)/7*4789?
8
Let a(p) = -4*p + 0 + 7 - 4 + 10. Suppose 242*w - 241*w = -10. What is the tens digit of a(w)?
5
Suppose -76*z = 12*z - 674608. What is the units digit of z?
6
Suppose -4*o - 3*g = -0*o - 288, 0 = -5*o + 2*g + 383. Let i = o + -21. Suppose 5*t + i = 6*t. What is the units digit of t?
4
Suppose -2*t + 2*j = 6*j - 3498, -2*j = -4. Suppose 4*p = 5*x - t + 289, -3*p - 1452 = -5*x. What is the hundreds digit of x?
2
Suppose -15064 + 98484 = -x + 3*x. What is the ten thousands digit of x?
4
What is the hundreds digit of (2/7)/((-7)/(-49)) + (-25690)/(-5)?
1
Suppose 0 = 147*h - 1269449 - 730633. What is the ten thousands digit of h?
1
Suppose -4*f - 2 = -42. Suppose f*h - 1488 = 6*h. Suppose h = 4*y + 2*r, -4*r - 10 = 6. What is the units digit of y?
5
Let m = 115 + -119. What is the units digit of 118 - (4 - 11 - (m + 0))?
1
Let z(n) = 5*n - 7. Let b be z(-6). Let a = -1596 + 1674. Let p = b + a. What is the tens digit of p?
4
Let o(f) = 5*f**2 + 2*f - 1. Let w be o(3). Let t = w - 54. What is the tens digit of t/2*-19*(-2)/(-1)?
7
Let a = 28 - -3. Let v = a - 35. What is the units digit of 2 + v/5 + 618/10?
3
Suppose -4*u = 32*u - 27252. Suppose -p + 353 = 2*r - 28, 0 = -2*p - 3*r + u. What is the units digit of p?
1
Let u(t) = 78*t**3 - 2*t**2 - 7*t. Let r be u(3). Suppose -156*d = -159*d + r. What is the hundreds digit of d?
6
Suppose 4*o - 18662 + 1398 = 0. Suppose -12*d - d = -o. What is the units digit of d?
2
Suppose 4*m + 21456 = 4*r, 4*m + 42453 = 9*r - 5813. What is the hundreds digit of r?
3
Let i(u) = -3*u - 70. Suppose 12 = 3*n + 3*j - 4*j, 0 = -2*n - 5*j - 9. Suppose 5*r - 4*l = -170, -r - 15 = 6*l - n*l. What is the tens digit of i(r)?
2
Let k be ((-28)/(-12))/(2/6). What is the units digit of 7*(67 - -1 - k)?
7
Suppose -41560 - 29955 = -10*s - 4425. What is the hundreds digit of s?
7
Let l(u) = -50425*u + 1547. What is the thousands digit of l(-1)?
1
Suppose -c + 49*b = 45*b - 11034, 5*c - 4*b = 55186. What is the tens digit of c?
3
Let f = -489 + 512. Suppose f*d = 32*d - 4653. What is the tens digit of d?
1
Let t(o) = 8301*o**3 - 3*o**2 - o. What is the thousands digit of t(1)?
8
Suppose -8*i + 26809 = -13199. Suppose 0 = -5*j - 2*k + i, j = 2*k + 807 + 186. What is the hundreds digit of j?
9
Let m = 162 + 932. Suppose -2*y - c + 1568 = 0, y + c - m + 311 = 0. What is the hundreds digit of y?
7
Let g(p) = 81*p - 58. Let k(w) = 82*w - 56. Let t(d) = -5*g(d) + 6*k(d). What is the units digit of t(7)?
3
Suppose 5*f - 65 = 5*b, 3*f + 32 = -4*b + 2*f. Let d = b - -91. Let t = d + -26. What is the units digit of t?
6
Suppose 2*r + 8*r = -1080. What is the tens digit of (r/(-90))/(3/490)?
9
Suppose -3263 + 533 = -10*s. Let x = -224 + s. What is the units digit of x?
9
Let i be (-3 + (-6)/(-4))*72/(-27). Suppose -i*x - 4*j = -252, 4*j - 55 